t r = d + 14. Calculate the greatest common divisor of 99 and r.
9
Let w = -21 + 33. Suppose 4*d - w = d. Calculate the highest common factor of d and 8.
4
Let x(t) = 11*t**2 + 1. Let v be x(1). Suppose 2*s = 5*o + 81, 2*s - 4*o - 228 = -3*s. What is the greatest common factor of s and v?
12
Let r(a) = -a**2 - 5*a. Let z be r(-5). Let c be 2*(1/2 + z). Let j = 10 - 5. Calculate the greatest common factor of j and c.
1
Let p = -4 + 7. Calculate the highest common factor of p and 3.
3
Let m(k) = 6*k + 120. Let p be m(-19). Calculate the highest common divisor of p and 15.
3
Suppose 5*t = 2*b - 21, t + 30 = 5*b - 4*t. Suppose 0 + 18 = -b*j. Let n be (-1)/1 + j/(-3). What is the greatest common divisor of n and 7?
1
Let c(m) = 3*m + 1. Let y be c(5). What is the greatest common factor of y and 2?
2
Let c(r) = -r**3 + 18*r**2 - 16*r + 10. Let o be c(17). Calculate the highest common divisor of 216 and o.
27
Let z(g) = -g - 1. Let m be z(-2). Let x be 3 + 0 + 0 + m. Suppose -2*j + 4 = 0, 2*n - j = -0*n + x. What is the greatest common divisor of n and 2?
1
Suppose -4*x = -12 - 0. Suppose -2 = v - x. Calculate the greatest common factor of 7 and v.
1
Suppose -5*n - 4*h + 544 = 0, 0 = n + 4*h - 5*h - 107. What is the greatest common divisor of 12 and n?
12
Let n(f) = 11*f**3 - 2*f**2 + f. Let r be n(1). What is the greatest common divisor of r and 70?
10
Suppose 4*v + 16 = 4*i - 2*i, -3*i + 5*v = -25. What is the greatest common divisor of 110 and i?
10
Suppose -2*k = k - 18. Suppose -o + 15 = -3*q, -3*o - 3*q - 2*q + 3 = 0. Let u be 5/3 + 2/o. Calculate the greatest common factor of k and u.
2
Suppose 2*y - g - g = 0, 2*g - 2 = y. Suppose 19 + 23 = y*z. Let k(t) = t**2 + 3*t - 3. Let x be k(2). What is the highest common factor of x and z?
7
Let y(d) = 3*d - 7. Let l be y(4). Calculate the highest common factor of l and 2.
1
Let p(g) = -g**2 + 16*g - 3. Let t be p(13). What is the highest common factor of t and 24?
12
Let w(y) = 16*y**2 + 2*y + 1. Let o be w(-1). What is the highest common divisor of o and 60?
15
Suppose -3*b = o + 5 + 35, 4*o = -16. Let c = 26 + b. Let q = 25 - c. What is the highest common factor of 33 and q?
11
Suppose -5*r + 1397 = 2*v - 51, 4*r = -v + 1156. Calculate the highest common divisor of r and 9.
9
Suppose 2*w + 4 + 2 = 0. Let l be w*(-2)/6*32. Calculate the highest common divisor of l and 80.
16
Let t = 6 + 6. Let q = t - 11. Calculate the highest common divisor of 7 and q.
1
Suppose 0*n - 127 = -2*i - 3*n, 3*n = 15. Suppose 0 = 2*c - 11*c + 63. Calculate the highest common factor of c and i.
7
Let b = 46 - 33. Calculate the highest common divisor of 13 and b.
13
Suppose -3*l = -q + 2*l + 25, -5*q = -4*l - 104. What is the greatest common factor of q and 4?
4
Let n = 40 + -16. What is the greatest common divisor of n and 60?
12
Let x = 8 - -20. What is the highest common factor of x and 8?
4
Suppose -5*f = -3*n + 161, -5*f = 5*n + 147 - 402. Let x be ((-3)/18)/1 - (-3905)/30. What is the greatest common factor of n and x?
26
Suppose 0 = f + 6*f - 1001. What is the highest common divisor of 13 and f?
13
Suppose 0*x + 2*x = -2. Let u = x - -2. Let l = 26 + u. Calculate the highest common factor of l and 9.
9
Suppose 39 = -3*m + 111. What is the greatest common divisor of 36 and m?
12
Suppose 4*d + 4 = -i, -3*d = -4*i + 4 - 1. Let r be i*(-2)/(-1 + -1). Suppose -5*t + 630 = -r*t. What is the greatest common factor of t and 18?
18
Let k = 1 + 2. Let w(i) = 6*i**2 + 2. Let a be w(k). Calculate the highest common divisor of 14 and a.
14
Let b(y) = 2*y - 4. Let o be b(4). Suppose o*k + 1 = 5. Suppose 111 + k = 4*l. What is the greatest common divisor of 42 and l?
14
Suppose 6 = -t + 3*t. Let l be (5/(5/(-27)))/(-1). Suppose -u + 14 = q + u, -l = -2*q - t*u. What is the highest common factor of q and 48?
12
Let b be 1/(-2) + (-76)/8. Let o = b + 40. Calculate the greatest common divisor of 75 and o.
15
Let z = -11 - -22. Calculate the highest common divisor of z and 55.
11
Suppose 0 = 2*f + 2*f - 148. Suppose 3*c - 115 = g, -2*c - 3*g + f = -58. Let a = -23 + 39. Calculate the greatest common divisor of a and c.
8
Suppose 3*p + 17 = 4*p. Suppose a + 2 - p = 0. What is the highest common factor of 105 and a?
15
Let z be 2/(-1 + 9/8). Suppose 24 = k - 2*m, -5*k + 176 = 8*m - 4*m. Calculate the highest common divisor of z and k.
16
Suppose -5 = -2*c - 3*y, 5*c + 0*y = -2*y + 40. What is the highest common divisor of c and 90?
10
Suppose -2*t - 3*l = -44, 2*l + 88 = 5*t - 60. Suppose -5*m + 20 = -0*m. Calculate the greatest common factor of m and t.
4
Let z(j) = 2*j**2 - 9*j - 14. Let p be z(10). Calculate the highest common divisor of p and 24.
24
Let x be ((-4)/5)/(4 - (-1208)/(-300)). Calculate the highest common divisor of 150 and x.
30
Let c be 146 + -1*(-12)/(-4). Suppose -c = -5*o + 5*x - 48, 5*x - 37 = -o. Calculate the greatest common divisor of o and 33.
11
Suppose -6*a = -2*a + 216. Let b be ((-1)/3)/(2/a). Calculate the greatest common factor of 36 and b.
9
Let i(f) be the first derivative of -21*f**2/2 - 3*f + 5. Let m be i(-2). Calculate the greatest common divisor of 13 and m.
13
Let d be (-68)/(-6) - 2/6. Let v be 26 - (-3)/(6/(-8)). Calculate the greatest common factor of d and v.
11
Suppose 0 = 5*x - 10. Calculate the greatest common factor of 8 and x.
2
Let j(l) = l**3 - 2*l**2 + 2. Let s be j(2). Suppose 2 = 7*h - 6*h. What is the highest common factor of h and s?
2
Let h(l) = l**2 - 2*l + 2. Let w be h(2). Suppose w*d - 2 = d. Suppose -2*n = d*n - 108. What is the greatest common factor of 3 and n?
3
Suppose -8 = 5*u - 4*p, -2*u + 4 = -u + 2*p. Suppose -3*x + c = 3 - 45, c - 3 = u. What is the greatest common factor of x and 6?
3
Let s be (0 + -22)/(0 + -2). Let q = s - 6. Suppose q*z - z = 144. What is the highest common factor of z and 4?
4
Suppose v - 65 = -25. What is the highest common factor of v and 4?
4
Let d(c) = 21*c - 6. Let j be d(6). Let r(z) = z - 4. Let a be r(6). Suppose -2*q - 5 = -n, 11 - 31 = -2*n + a*q. What is the highest common divisor of n and j?
15
Suppose -2*w - 27 = 1. Let l = w - -39. Calculate the highest common divisor of 5 and l.
5
Let j(x) be the second derivative of x**4/12 - x**3/6 + x**2/2 - 5*x. Let s be j(3). Suppose -q + 2 - 1 = 0. What is the highest common divisor of q and s?
1
Let q be (-1)/2 + (-9)/(-2). Suppose 0 = -x + q - 2. Suppose 5*m = 102 - 32. What is the greatest common factor of x and m?
2
Suppose -4*l + 2*c - 4*c + 34 = 0, 0 = 2*l - 4*c - 12. Suppose 2*z - 12 = l. Calculate the highest common divisor of 4 and z.
2
Let u(k) = -k**3 - k**2 - 6*k - 3. Let j be u(-4). Suppose -3*r + j = -75. Let g = -4 - -10. Calculate the greatest common divisor of r and g.
6
Let h be (-1 - -59)*3/6. Calculate the highest common factor of 87 and h.
29
Suppose -126 = 2*w - 326. Calculate the highest common divisor of w and 20.
20
Suppose -3*f - 4*y = -4, -5*f = -0*f - 4*y - 60. What is the greatest common factor of f and 40?
8
Let d be ((-12)/14)/(7/(-49)). What is the highest common divisor of 66 and d?
6
Suppose -2*o - j + 18 = 0, 2*j = 2*o - 0*o - 24. What is the greatest common divisor of 30 and o?
10
Let t = 35 - 5. Let l = -21 - -36. What is the greatest common divisor of l and t?
15
Let s be (2 + -4 - -5)*(7 - 2). What is the greatest common factor of 5 and s?
5
Suppose m = 4*m + 4*v + 12, 5*m - 12 = 4*v. Suppose -5*k = -m - 10. Let p = -44 - -62. Calculate the highest common factor of p and k.
2
Suppose 0 = -4*j - 5 - 11. Let s(o) be the third derivative of -7*o**4/8 + 2*o**3/3 + o**2. Let p be s(j). What is the greatest common factor of 8 and p?
8
Let m(y) = 2*y + 2. Let x be m(-5). Let p be 90*(x/10)/(-2). What is the greatest common factor of 24 and p?
12
Suppose -5*m + 5*w = -85, 3*w + 0*w + 83 = 5*m. Let p be 6/8 + 4/m. Calculate the highest common divisor of 5 and p.
1
Suppose y - 45 = -3*s, 88 = 2*y - 2*s + 6. Calculate the highest common factor of 14 and y.
14
Let l = -1 + 11. Calculate the greatest common divisor of 20 and l.
10
Suppose 2*b - 34 = 12. Let f = b + -21. Let l = 0 + 1. What is the greatest common factor of f and l?
1
Let y = 12 - 8. Suppose -2*r - r = -b - 15, -3*b - r + 5 = 0. Suppose b = -y*v - 5 + 61. Calculate the highest common factor of v